 f(k).
-24
Let m(z) = -2 - 6*z**2 - 4*z + 2*z**2 + z**2. Let r(n) = 8 - 10 - n**2 + 3. Let h(t) = -m(t) + 4*r(t). What is h(6)?
-6
Let q be 2 + -5 + 4/1. Suppose -2*m - 8 = 2*l, 2*l + 2*l + q = -m. Let a(r) = -r**3 - 6*r**2 - 5*r - 3. What is a(m)?
-3
Let t(u) = -2*u**2 + 8 - 2 - 3*u - 8 + u**2. Give t(-2).
0
Let x(q) be the second derivative of 0*q**2 - 1/24*q**4 + 0 + 1/180*q**6 + 2/3*q**3 + 0*q**5 + 2*q. Let z(b) be the second derivative of x(b). Determine z(2).
7
Let d(t) be the second derivative of -t**5/20 + 7*t**4/12 - t**3 - 7*t**2/2 + t. Let m be (14/(-4) - -3)*2. Let n(x) = -8*x - 2. Let i be n(m). What is d(i)?
-7
Let p(g) = 4*g**2 + 15*g + 14. Let k(s) = -5*s**2 - 14*s - 12. Let j(d) = -3*k(d) - 4*p(d). Give j(-16).
12
Let a(n) = -7*n**3 - 7*n**2 - 46. Let w(k) = -15*k**3 - 15*k**2 - 94. Let y(c) = -13*a(c) + 6*w(c). What is y(0)?
34
Let q(n) = 2*n**2 - 2*n - 4. Let c be q(-2). Let b(i) = -6*i + 44. Let j be b(c). Let m(y) = -y**2 - 3*y - 4. What is m(j)?
-8
Suppose 1 = -f + 3*g, -f - 1 + 2 = -g. Suppose -t - 3*t = m - 20, -m + f*t - 4 = 0. Let k(l) = 2*l**2 - 6*l + 3. Give k(m).
11
Suppose 6*y + 64 = 3*g + 4*y, -2*g + 44 = -2*y. Suppose -5*m = -0*m - g. Let k(a) = a**2 + a - 1. What is k(m)?
19
Let q(p) = -11 - 7*p + p**2 - 13*p**2 - p**2 + 10*p**2 + 2*p**2. What is q(-7)?
-11
Let t be 15 + (-4)/((-16)/12). Suppose 2*y - 4 = 0, 3*y = 7*q - 3*q - t. Let s(j) = -13*j**2 - j - q + 12*j**2 + 8*j. What is s(6)?
0
Suppose -w = j - 12, -23*j + 40 = 5*w - 22*j. Let h(c) = -c**3 + 6*c**2 + 3*c - 6. Calculate h(w).
-34
Let q(l) = 4*l**2 + 12*l + 3. Let x(f) = -f**2 - 4*f - 1. Let w(v) = 2*q(v) + 7*x(v). Suppose 0 = 5*i - 3 - 2. Let s be 91/21 - i/3. Determine w(s).
-1
Let i(x) = -x**3 + 3*x**2 + 2*x + 5. Let b(s) = -3*s + 46. Let m be b(14). Give i(m).
-3
Let w(x) = -x**3 + 7*x**2 + 8*x - 7. Suppose -15 + 3 = -3*j + r, 0 = -j + 4*r + 4. Let k(a) = a**3 - 4*a**2 + 2*a. Let u be k(j). Give w(u).
-7
Let h = -649 - -643. Let d(s) = -s - 11. Determine d(h).
-5
Let x(u) = -3*u**2 - 3*u - 5. Suppose 5*w + 3*l = 0, 13*w - 22 = 12*w - 5*l. What is x(w)?
-23
Suppose -3*p + 3*w = -4 - 32, -3*p - 2*w = -56. Let t(v) = -v**2 + 17*v + 4. What is t(p)?
20
Let z be 4/(-10) - 6/(-15). Let o(v) = -5*v**2 + 13*v + 11. Let i(q) = -q**2 + 3*q + 3. Let y(n) = 9*i(n) - 2*o(n). Calculate y(z).
5
Suppose f + y = 3*y - 4, 5*y - 19 = -2*f. Let r(j) = 10*j - 5*j**2 + 4*j**2 - 13*j + f. Calculate r(-4).
-2
Let q = -648 + 649. Let m(g) = 10*g**2 - 4*g + 3. Give m(q).
9
Suppose 83*j - 82*j = -1. Let y(k) = -17*k**2 - 2*k - 1. What is y(j)?
-16
Let q(s) = -3*s + 18. Let z(m) = 1. Let t(a) = -q(a) + 15*z(a). Give t(4).
9
Let i(n) = -3. Let h(z) = z + 4. Suppose -1 = -2*m + 3. Suppose 0 = -2*g + 2, -x = -0*x - m*g - 2. Let p(k) = x*i(k) + 3*h(k). Calculate p(3).
9
Let g(r) be the first derivative of r**2/2 - 4. Let l = -10 - -20. Suppose t - f - l = -2, 28 = t - 5*f. Give g(t).
3
Let t(h) = -h**3 - 4*h**2 + 2. Let j be t(-4). Let g(x) = -4 + x**3 - 4*x + j + x**2 - x. Let o be 21 - 1/((-19)/(-456)). Give g(o).
-5
Let u(k) = k**2 - 9*k - 4. Suppose 4*x + 11 = -45. Let g = 23 + x. Let j be u(g). Let q(d) = d - 2. Calculate q(j).
-6
Let r(w) be the first derivative of -1 - 1/60*w**5 - w**3 - 1/24*w**4 - 5/2*w**2 + 0*w. Let i(f) be the second derivative of r(f). Determine i(0).
-6
Suppose 5*g = 2*r - 6*r - 51, -2*g = 6. Let x(d) = d**2 + 11*d. What is x(r)?
-18
Let w(h) = 9 + 40*h**3 - 28*h**3 - 11*h**3 + 7*h**2 - h + 6*h. Give w(-6).
15
Let k(x) = 2*x + 46. Let i be 6/(-11) + 8323/(-451). Give k(i).
8
Let l = -10 + -10. Let c be l/(-8)*16/10. Let n(m) = -m**3 + 5*m**2 - 6*m + 3. Let g be n(c). Let f(x) = x**2 + 5*x - 1. Give f(g).
-1
Let x(n) be the third derivative of -5*n**2 + 1/12*n**4 + 1/6*n**3 + 0*n + 0. Calculate x(2).
5
Let v(m) be the third derivative of 0 - 1/120*m**6 - 2*m**2 + 0*m**5 - 1/6*m**3 + 0*m**4 + 0*m. Suppose -5*u = -i, 3 = -5*u - 3*i - 17. Give v(u).
0
Let m(r) = -2*r + 10 - r + 5*r - 14. Let x = 14 + -7. Determine m(x).
10
Suppose 2*w = 2*c, 8*c - 5*c = 5*w - 4. Let q(k) = -147*k + w*k**2 + k**3 - 1 + 147*k. What is q(-1)?
0
Let l(z) = -8*z**2 - 2*z - 4. Let k be l(-3). Let f = 45 + k. Let i = f + 18. Let y(m) = m + 10. What is y(i)?
3
Let o(b) = -2*b + 5 - 6*b**2 + 3*b**3 - 11 - 4*b**3. Suppose 2*s - 4*h + 12 = 0, -2*s + 3*s = 5*h - 6. Determine o(s).
6
Let y(c) = -c - 12. Let n(w) = -3*w - 25. Let f(r) = 6*n(r) - 13*y(r). Let b = -108 + 113. Give f(b).
-19
Let q(a) = a**3 + a**2 - a - 1. Let m(j) = 2*j**3 - 10*j + 9. Let w(o) = -m(o) + 3*q(o). Let b(l) = l**2 + 1. Let s(x) = -6*b(x) - w(x). Determine s(-8).
-2
Let y(h) = -h**2 + 11. Suppose 76*z - 98*z = -110. Calculate y(z).
-14
Let j(h) = -2*h**2 + 11*h - 15. Let g(k) = -k + 2. Let x(u) = 6*g(u) + j(u). Determine x(2).
-1
Let c(s) = -7*s + 3. Suppose -12 = -f - 2*f. Let o(x) = x - 1. Let a(k) = f*o(k) + c(k). Calculate a(-5).
14
Let a(r) = -6*r**2 + 4 - 4 + 2 - 4*r - r**3 + 4. Let b be a(-6). Let x = -31 + b. Let q(m) = 8*m**2 - 1. What is q(x)?
7
Let a = 11 - 9. Let f(x) = -3 + 3*x + 9 - a. Let p = 3 - 7. Determine f(p).
-8
Let d(f) = -48*f**3 - 3 + 7 + 49*f**3 + 6*f + 6 - 5*f**2 - 4*f**2. What is d(8)?
-6
Let k(w) be the first derivative of w**4/4 + w**2 - 48. Give k(-2).
-12
Let t(a) = a**2 - 4*a + 2. Suppose -4*q + 22 = 3*y, y + 0*q - q + 2 = 0. Suppose 2 = y*o - 6. Determine t(o).
2
Let o be 9/6*4 - -3. Let w(u) = 2 - 6*u - o + 13 + u**2. Calculate w(5).
1
Let j(p) be the first derivative of p**4/4 - 4*p**3/3 + 3*p**2/2 - 4*p + 48. Determine j(4).
8
Let b be 6*(6/(-9))/(6/9). Let s(p) = -10*p**2 - 7*p + 11 - 4 + 9*p**2. Determine s(b).
13
Let h(j) = -5*j**2 + 15*j**3 - 14*j**3 + 3 - 3*j + 3*j - j. Suppose 4*n = 28 + 112. Let i be n/21*(2 - -1). What is h(i)?
-2
Let g(i) = 2*i**2 - 41*i + 13. Let j be (1 - (-6)/(-10))/((-306)/(-15300)). Give g(j).
-7
Let a(y) = 4*y**2 + 14*y + 7. Let n be a(-3). Let r(d) = 4*d + 1 + 0 + d + 0*d. Determine r(n).
6
Let l(t) = -t**2 - t + 6. Let j be 26/(-6) + (-2)/(-6). Let o = 6 + j. Suppose 0 = -q - 2*v - 10, -o*q = q + 3*v + 15. Give l(q).
6
Let v(l) = 66 + 2*l - 127 + l + 63 - 2*l. What is v(0)?
2
Let l(d) = 7*d**3 + 8*d**2 + 36*d + 5. Let v(o) = o**3 - o**2 + 4*o - 1. Let w(a) = -l(a) + 6*v(a). Determine w(-13).
-24
Suppose 4*d = 16, 35*o = 31*o + 2*d + 4. Let s(y) = y**2 - 2. Calculate s(o).
7
Suppose -45 = -3*m - 66. Let w(i) = -11*i - 11. What is w(m)?
66
Let k(n) = -5*n - 43. Let q(o) = 4*o + 36. Let z(d) = -3*k(d) - 4*q(d). Give z(12).
-27
Let u be (1 - -2)*(-3)/(-3). Suppose -4*t + u*f + 8 = 0, -3*f + 2*f = -2*t + 4. Let p be -4*(-1)/8*t. Let c(b) = 4*b**2 + b - 1. What is c(p)?
4
Let w = 75 - 52. Suppose -4*q + w = 4*r - 9, 3 = -4*q + 3*r. Suppose 5*u = q - 8. Let j(p) = -p + 1. Calculate j(u).
2
Let w(i) = i**2 + i - 3. Let x(y) = y**2 - 2*y + 2. Let s be x(0). Let n be (((-8)/(-5))/s)/((-18)/90). Give w(n).
9
Let h(k) = k + 1. Let x(l) = -l**2 - 5*l + 41. Let j be x(4). Determine h(j).
6
Let w be (2 - (-2 + 4)) + 5. Suppose -w*q + 23 = -2. Let y(b) = -b - 1. Let l(d) = d**2 - d + 11. Let c(g) = l(g) + 5*y(g). Calculate c(q).
1
Let t(n) be the second derivative of -n**4/12 - n**3 - 5*n**2/2 + 2*n + 16. Calculate t(-7).
-12
Suppose 5 = 4*c - 3. Suppose -2 = -4*s + 3*s. Let k(x) = -1 + 2*x + c - s*x - x. What is k(3)?
-2
Let r be 39/45 - (-6)/45. Let g(c) = 10*c**3 - 6*c**3 + 860 + 2*c**2 - 861. Determine g(r).
5
Let t(w) = -w**3 + w - 1. Let f(s) = 2*s**3 + 10*s**2 - 19*s + 5. Let z(q) = f(q) + 3*t(q). What is z(8)?
2
Suppose 2*u + 4*o = -u + 108, 0 = -4*o + 12. Let g = u + -41. Let i(f) = 2*f + 9. Give i(g).
-9
Let r be -26*(5/(-2) + 2). Let n = -9 + r. Suppose -3*b = -4*i + 11, -4*i + n*b + b = -5. Let z(u) = -u**3 + 5*u**2 + 4. What is z(i)?
4
Suppose 3*h + 9 = -3. Let u be -1*(-1 + h + 3). Let a(r) = -9*r**3 + 7*r**3 + r**3 + r**2 + r. Give a(u).
-2
Let k(o) = o**2 - o - 9. Let j be -2 + 8 - 1/(-2)*-8. Suppose 7*u - j = -2. Determine k(u).
-9
Let a(o) be the third derivative of -7*o**6/720 - o**5/120 + 13*o**4/24 - 9*o**2. Let t(r) be the second derivative of a(r). Let h = 0 - 1. What is t(h)?
6
Let h be 2 - -2 - (-177 + (-4 - -5)). Let o = 178 - h. Let i(j) = 5*j + 1. Determine i(o).
-9
Let i(b) = -b**3 + 24*b**2 + 11*b + 8. Let y(p) = -3*p**3